{"id":34,"date":"2020-05-06T10:42:32","date_gmt":"2020-05-06T10:42:32","guid":{"rendered":"http:\/\/hsemsbueren.de\/?page_id=34"},"modified":"2020-05-27T11:13:44","modified_gmt":"2020-05-27T11:13:44","slug":"ganztag","status":"publish","type":"page","link":"https:\/\/hs-emsbueren.de\/?page_id=34","title":{"rendered":"Ganztag"},"content":{"rendered":"\n<div class=\"wp-block-image\"><figure class=\"alignright size-large is-resized\"><img loading=\"lazy\" decoding=\"async\" src=\"http:\/\/hsemsbueren.de\/wp-content\/uploads\/2020\/05\/20200527_124302-745x1024.jpg\" alt=\"\" class=\"wp-image-867\" width=\"263\" height=\"361\" srcset=\"https:\/\/hs-emsbueren.de\/wp-content\/uploads\/2020\/05\/20200527_124302-745x1024.jpg 745w, https:\/\/hs-emsbueren.de\/wp-content\/uploads\/2020\/05\/20200527_124302-218x300.jpg 218w, https:\/\/hs-emsbueren.de\/wp-content\/uploads\/2020\/05\/20200527_124302-768x1055.jpg 768w, https:\/\/hs-emsbueren.de\/wp-content\/uploads\/2020\/05\/20200527_124302-1118x1536.jpg 1118w, https:\/\/hs-emsbueren.de\/wp-content\/uploads\/2020\/05\/20200527_124302-1491x2048.jpg 1491w, https:\/\/hs-emsbueren.de\/wp-content\/uploads\/2020\/05\/20200527_124302-scaled.jpg 1863w\" sizes=\"auto, (max-width: 263px) 100vw, 263px\" \/><figcaption>Das erste Ganztagsprogramm<\/figcaption><\/figure><\/div>\n\n\n\n<p>Die <strong><span class=\"has-inline-color has-luminous-vivid-amber-color\">H<\/span><span class=\"has-inline-color has-vivid-cyan-blue-color\">S<\/span><span class=\"has-inline-color has-vivid-red-color\">E<\/span><\/strong> ist seit dem <strong>1. August 2005<\/strong> offene Ganztagsschule mit freiwilligem Angebot. Dieses wurde zun\u00e4chst an 3 Nachmittagen (Montag, Dienstag, Mittwoch), sp\u00e4ter dann an 4 Nachmittagen angeboten. Von Anfang an startete man mit einer Mittagspause und der M\u00f6glichkeit ein Mittagessen in den R\u00e4umlichkeiten der Musikschule einzunehmen, da sich der Ganztagsbereich mit Mensa, Gruppenr\u00e4umen und Freizeitbereich noch in der Planung befand. Seit dem Herbst 2007 wird der Ganztagsunterricht in den daf\u00fcr vorgesehenen R\u00e4umlichkeiten durchgef\u00fchrt. 2020 blicken wir auf <strong>15 Jahre<\/strong> Erfahrung zur\u00fcck und haben bestimmt Ideen f\u00fcr die n\u00e4chsten 15 Jahre!<\/p>\n","protected":false},"excerpt":{"rendered":"<p>Die HSE ist seit dem 1. August 2005 offene Ganztagsschule mit freiwilligem Angebot. Dieses wurde zun\u00e4chst an 3 Nachmittagen (Montag, Dienstag, Mittwoch), sp\u00e4ter dann an 4 Nachmittagen angeboten. Von Anfang an startete man mit einer Mittagspause und der M\u00f6glichkeit ein Mittagessen in den R\u00e4umlichkeiten der Musikschule einzunehmen, da sich der Ganztagsbereich mit Mensa, Gruppenr\u00e4umen und [&hellip;]<\/p>\n","protected":false},"author":1,"featured_media":0,"parent":0,"menu_order":3,"comment_status":"closed","ping_status":"closed","template":"tpl-full-width.php","meta":{"ngg_post_thumbnail":0,"footnotes":""},"class_list":["post-34","page","type-page","status-publish","hentry"],"_links":{"self":[{"href":"https:\/\/hs-emsbueren.de\/index.php?rest_route=\/wp\/v2\/pages\/34","targetHints":{"allow":["GET"]}}],"collection":[{"href":"https:\/\/hs-emsbueren.de\/index.php?rest_route=\/wp\/v2\/pages"}],"about":[{"href":"https:\/\/hs-emsbueren.de\/index.php?rest_route=\/wp\/v2\/types\/page"}],"author":[{"embeddable":true,"href":"https:\/\/hs-emsbueren.de\/index.php?rest_route=\/wp\/v2\/users\/1"}],"replies":[{"embeddable":true,"href":"https:\/\/hs-emsbueren.de\/index.php?rest_route=%2Fwp%2Fv2%2Fcomments&post=34"}],"version-history":[{"count":2,"href":"https:\/\/hs-emsbueren.de\/index.php?rest_route=\/wp\/v2\/pages\/34\/revisions"}],"predecessor-version":[{"id":868,"href":"https:\/\/hs-emsbueren.de\/index.php?rest_route=\/wp\/v2\/pages\/34\/revisions\/868"}],"wp:attachment":[{"href":"https:\/\/hs-emsbueren.de\/index.php?rest_route=%2Fwp%2Fv2%2Fmedia&parent=34"}],"curies":[{"name":"wp","href":"https:\/\/api.w.org\/{rel}","templated":true}]}}