{"id":425,"date":"2020-05-14T15:28:23","date_gmt":"2020-05-14T15:28:23","guid":{"rendered":"http:\/\/hsemsbueren.de\/?page_id=425"},"modified":"2025-10-28T12:07:07","modified_gmt":"2025-10-28T10:07:07","slug":"team","status":"publish","type":"page","link":"https:\/\/hs-emsbueren.de\/?page_id=425","title":{"rendered":"Team"},"content":{"rendered":"\n<p>Aktuell arbeitet an der <strong><mark style=\"background-color:rgba(0, 0, 0, 0)\" class=\"has-inline-color has-luminous-vivid-amber-color\">H<\/mark><\/strong><mark style=\"background-color:rgba(0, 0, 0, 0)\" class=\"has-inline-color has-vivid-cyan-blue-color\"><strong>S<\/strong><\/mark><mark style=\"background-color:rgba(0, 0, 0, 0)\" class=\"has-inline-color has-vivid-red-color\"><strong>E<\/strong><\/mark> ein Team von 18 Personen. 15 Lehrkr\u00e4fte, 2 Schulsozialarbeiter und eine P\u00e4dagogische Mitarbeiterin*.<\/p>\n\n\n\n<p>Durch unser kleines Team bieten wir ein pers\u00f6nliches Lernklima und k\u00f6nnen individuelle St\u00e4rken und Schw\u00e4chen schnell erkennen und darauf eingehen.<\/p>\n\n\n\n<figure class=\"wp-block-table\"><table><tbody><tr><td><strong>Name<\/strong><\/td><td><strong>Funktion<\/strong><\/td><\/tr><tr><td>Christel Schnieder<\/td><td>Schulleitung<\/td><\/tr><tr><td>Anna Brinkmann<\/td><td>Lehrerin<\/td><\/tr><tr><td>Alexandra Fenk<\/td><td>Lehrerin<\/td><\/tr><tr><td>Magitta Groothus<\/td><td>Lehrerin<\/td><\/tr><tr><td>Petra Herbers<\/td><td>Lehrerin<\/td><\/tr><tr><td>Julia Geers<\/td><td>Lehrerin<\/td><\/tr><tr><td>Johannes Michalak<\/td><td>Lehrer<\/td><\/tr><tr><td>Andrea Leuschner<\/td><td>Lehrerin<\/td><\/tr><tr><td>Petra Poprawa<\/td><td>Lehrerin, Schulpersonalrat<\/td><\/tr><tr><td>Marion Revermann<\/td><td>Lehrerin<\/td><\/tr><tr><td>Christina Rolink<\/td><td>Lehrerin<\/td><\/tr><tr><td>Guido Seeliger<\/td><td>F\u00f6rderschullehrer<\/td><\/tr><tr><td>Anke M\u00fcller<\/td><td>Lehrerin<\/td><\/tr><tr><td>Ina Jonker<\/td><td>Lehrerin<\/td><\/tr><tr><td>Manas Karimi<\/td><td>Lehrerin<\/td><\/tr><tr><td>Frank Vehring<\/td><td>Schulsozialarbeiter<\/td><\/tr><tr><td>Tanja Siemer<\/td><td>Schulsozialarbeiterin<\/td><\/tr><tr><td>Irena Borg<\/td><td>P\u00e4dagogische Mitarbeiterin<\/td><\/tr><\/tbody><\/table><\/figure>\n\n\n\n<p>*<em>Stand: Schuljahr 2025\/2<\/em>6<\/p>\n","protected":false},"excerpt":{"rendered":"<p>Aktuell arbeitet an der HSE ein Team von 18 Personen. 15 Lehrkr\u00e4fte, 2 Schulsozialarbeiter und eine P\u00e4dagogische Mitarbeiterin*. Durch unser kleines Team bieten wir ein pers\u00f6nliches Lernklima und k\u00f6nnen individuelle St\u00e4rken und Schw\u00e4chen schnell erkennen und darauf eingehen. Name Funktion Christel Schnieder Schulleitung Anna Brinkmann Lehrerin Alexandra Fenk Lehrerin Magitta Groothus Lehrerin Petra Herbers Lehrerin [&hellip;]<\/p>\n","protected":false},"author":1,"featured_media":0,"parent":0,"menu_order":0,"comment_status":"closed","ping_status":"closed","template":"","meta":{"ngg_post_thumbnail":0,"footnotes":""},"class_list":["post-425","page","type-page","status-publish","hentry"],"_links":{"self":[{"href":"https:\/\/hs-emsbueren.de\/index.php?rest_route=\/wp\/v2\/pages\/425","targetHints":{"allow":["GET"]}}],"collection":[{"href":"https:\/\/hs-emsbueren.de\/index.php?rest_route=\/wp\/v2\/pages"}],"about":[{"href":"https:\/\/hs-emsbueren.de\/index.php?rest_route=\/wp\/v2\/types\/page"}],"author":[{"embeddable":true,"href":"https:\/\/hs-emsbueren.de\/index.php?rest_route=\/wp\/v2\/users\/1"}],"replies":[{"embeddable":true,"href":"https:\/\/hs-emsbueren.de\/index.php?rest_route=%2Fwp%2Fv2%2Fcomments&post=425"}],"version-history":[{"count":26,"href":"https:\/\/hs-emsbueren.de\/index.php?rest_route=\/wp\/v2\/pages\/425\/revisions"}],"predecessor-version":[{"id":5785,"href":"https:\/\/hs-emsbueren.de\/index.php?rest_route=\/wp\/v2\/pages\/425\/revisions\/5785"}],"wp:attachment":[{"href":"https:\/\/hs-emsbueren.de\/index.php?rest_route=%2Fwp%2Fv2%2Fmedia&parent=425"}],"curies":[{"name":"wp","href":"https:\/\/api.w.org\/{rel}","templated":true}]}}